e
Is 2220 a factor of 26219076?
False
Is 14631705 a multiple of 531?
True
Is 898 a factor of 105651591?
False
Is 764 a factor of 12461893?
False
Is 25912560 a multiple of 16?
True
Is 10 a factor of 132589373?
False
Is 96442829 a multiple of 1216?
False
Does 25 divide 171581?
False
Is 41058932 a multiple of 139?
True
Is 1955 a factor of 45354045?
True
Does 13 divide 7431216?
True
Is 43663860 a multiple of 9?
True
Is 255 a factor of 24186750?
True
Is 210 a factor of 139213620?
True
Is 26671347 a multiple of 40?
False
Does 678 divide 190154978?
False
Does 155 divide 71516236?
False
Does 28 divide 193331376?
True
Does 2100 divide 3995096700?
True
Is 78217734 a multiple of 187?
False
Is 30858233 a multiple of 6898?
False
Is 16 a factor of 28410320?
True
Is 114 a factor of 3306046170?
True
Is 48437774 a multiple of 961?
False
Does 660 divide 383820784?
False
Is 198 a factor of 54809463?
False
Is 162846684 a multiple of 231?
True
Is 2009601994 a multiple of 5168?
False
Is 67186101 a multiple of 181?
False
Is 3252716988 a multiple of 162?
False
Is 314 a factor of 167284128?
True
Is 48012179 a multiple of 54?
False
Is 101 a factor of 122285700?
False
Is 34577353 a multiple of 163?
True
Is 868 a factor of 6795174456?
True
Does 15 divide 31226880?
True
Is 334 a factor of 13994305?
False
Does 3 divide 142758212?
False
Is 34 a factor of 4743835958?
True
Is 50165410 a multiple of 5?
True
Is 575584828 a multiple of 13?
True
Does 6 divide 254420370?
True
Is 13 a factor of 56826729?
False
Is 215 a factor of 549848310?
True
Is 13638625 a multiple of 11?
True
Is 52 a factor of 1538409219?
False
Is 196 a factor of 64967186?
False
Does 439 divide 1518061122?
True
Does 3 divide 261896050?
False
Does 106 divide 17332802?
True
Is 61 a factor of 18327328?
True
Is 3684474 a multiple of 1674?
True
Is 104 a factor of 321877915?
False
Does 60 divide 262671789?
False
Does 1218 divide 10481738?
False
Does 931 divide 429286893?
True
Does 34 divide 14659175?
False
Is 1078765 a multiple of 234?
False
Does 3 divide 16304233?
False
Is 31354358 a multiple of 1598?
True
Is 111964406 a multiple of 152?
False
Is 32434096 a multiple of 272?
True
Does 2289 divide 511571908?
False
Is 793606515 a multiple of 31?
False
Does 16 divide 250080400?
True
Is 532 a factor of 309660176?
True
Is 12 a factor of 695893153?
False
Is 61 a factor of 300194026?
False
Is 888 a factor of 108799476?
False
Does 87 divide 135530612?
False
Is 249462725 a multiple of 27?
False
Is 170190679 a multiple of 3028?
False
Is 729 a factor of 67106637?
True
Is 209493229 a multiple of 11?
True
Is 48 a factor of 967185998?
False
Is 4 a factor of 79955826?
False
Is 108010760 a multiple of 260?
True
Is 19358426 a multiple of 362?
False
Does 3751 divide 208855680?
True
Is 2240424918 a multiple of 18?
True
Is 33915911 a multiple of 43?
False
Does 42 divide 501382266?
True
Does 12 divide 1159398955?
False
Does 37 divide 52499818?
True
Is 749814594 a multiple of 1786?
True
Does 1358 divide 3314535?
False
Is 546162979 a multiple of 2070?
False
Is 1371 a factor of 78354021?
True
Is 24043300 a multiple of 1048?
False
Is 43039414 a multiple of 82?
False
Does 6 divide 49852446?
True
Is 535720473 a multiple of 639?
False
Is 5328260 a multiple of 70?
True
Is 83009444 a multiple of 124?
True
Is 1289 a factor of 10893339?
True
Is 2801102489 a multiple of 4493?
False
Is 206502098 a multiple of 583?
True
Is 87557472 a multiple of 58?
False
Is 202 a factor of 7788239?
False
Does 1045 divide 7266091?
False
Does 96 divide 11984736?
True
Does 881 divide 8710087?
False
Is 1255106424 a multiple of 1004?
True
Is 1258505624 a multiple of 6267?
False
Is 681602031 a multiple of 11?
True
Is 41443015 a multiple of 865?
True
Does 643 divide 36665193?
False
Is 35 a factor of 272255457?
False
Does 147 divide 24402243?
False
Is 1793623751 a multiple of 54?
False
Is 121 a factor of 124286171?
False
Is 61 a factor of 966017100?
False
Does 630 divide 244458518?
False
Is 13905796 a multiple of 8?
False
Is 2842103 a multiple of 325?
False
Does 85 divide 266280535?
False
Is 846402172 a multiple of 11?
True
Is 112 a factor of 1247310228?
False
Is 117 a factor of 4534902730?
False
Is 909793078 a multiple of 5526?
False
Does 14 divide 78060718?
False
Does 21 divide 448877919?
True
Does 307 divide 57941645?
True
Does 198 divide 6164904?
False
Is 9087852 a multiple of 9?
False
Is 66465070 a multiple of 4949?
True
Does 22 divide 15316950?
True
Is 7 a factor of 196101464?
False
Is 2082272889 a multiple of 327?
True
Does 117 divide 5111078?
False
Does 8 divide 158439608?
True
Is 14964700 a multiple of 73?
False
Is 18 a factor of 4985285724?
True
Is 29992170 a multiple of 390?
True
Does 50 divide 4151766?
False
Is 1321 a factor of 1757826959?
True
Does 761 divide 1798933988?
True
Does 3 divide 17247208?
False
Does 18 divide 196753492?
False
Is 13410823 a multiple of 2?
False
Is 143231952 a multiple of 4?
True
Is 3313068 a multiple of 627?
True
Is 87570524 a multiple of 139?
False
Is 2473401 a multiple of 412?
False
Does 1407 divide 526838487?
True
Does 1282 divide 178205692?
True
Is 21282315 a multiple of 937?
False
Is 19321841 a multiple of 7?
True
Does 10 divide 80743860?
True
Does 14 divide 48439856?
False
Is 33 a factor of 824288?
False
Does 2777 divide 53145884?
False
Is 26 a factor of 32689524?
False
Is 12395458 a multiple of 20?
False
Is 208787828 a multiple of 531?
False
Is 1276 a factor of 539650116?
False
Does 163 divide 951443157?
False
Is 199350986 a multiple of 13?
False
Is 664 a factor of 752976?
True
Does 1912 divide 30133134?
False
Is 101 a factor of 58177515?
True
Is 2119 a factor of 46005253?
False
Does 2567 divide 945026603?
False
Does 10 divide 5706830?
True
Is 12 a factor of 551079544?
False
Is 15246527 a multiple of 27?
False
Is 4409220 a multiple of 129?
True
Is 1390 a factor of 321222050?
True
Does 27 divide 26389662?
False
Does 390 divide 5414370?
True
Is 228 a factor of 29612184?
True
Does 1023 divide 18083571?
True
Does 16 divide 38553472?
True
Is 6 a factor of 27206340?
True
Is 43209906 a multiple of 73?
False
Does 90 divide 122783040?
True
Is 2320527 even?
False
Does 9083 divide 1012118690?
True
Is 1250 a factor of 511192500?
True
Is 180530415 a multiple of 61?
True
Is 20 a factor of 564828839?
False
Is 29 a factor of 128732856?
True
Is 20166528 a multiple of 48?
True
Does 502 divide 750375584?
False
Is 838939 a multiple of 98?
False
Is 338 a factor of 451253018?
False
Is 369 a factor of 54362187?
True
Is 184 a factor of 1744532?
False
Is 5122483 a multiple of 132?
False
Does 570 divide 474560614?
False
Does 15 divide 794186775?
True
Does 538 divide 946863038?
False
Does 1340 divide 75370980?
True
Does 2 divide 1428330086?
True
Does 1374 divide 25075500?
True
Does 4308 divide 317972088?
False
Does 53 divide 53427042?
False
Is 3123176089 a multiple of 13?
False
Is 171325075 a multiple of 4828?
False
Is 7080472 a multiple of 7?
True
Is 234 a factor of 615386582?
False
Does 16 divide 50876234?
False
Is 36642337 a multiple of 199?
False
Is 509319508 a multiple of 1529?
False
Is 208434610 a multiple of 1490?
True
Is 28 a factor of 85978732?
True
Is 57503289 a multiple of 977?
True
Is 2786587231 a multiple of 13997?
False
Is 634 a factor of 57008634?
False
Is 10 a factor of 1805383048?
False
Is 266659000 a multiple of 4625?
True
Is 366 a factor of 30522938?
False
Does 143 divide 541897279?
False
Is 31277295 a multiple of 31?
True
Is 332551662 a multiple of 1086?
True
Is 133 a factor of 334946097?
False
Is 4301799 a multiple of 6?
False
Does 654 divide 799553586?
True
Is 403195358 a multiple of 3826?
True
Does 62 divide 8309426?
True
Does 739 divide 1096604317?
True
Does 28 divide 364596932?
True
Is 47067237 a multiple of 2313?
True
Is 325995384 a multiple of 1551?
True
Does 23 divide 14045252?
False
Is 4162655 a multiple of 23?
True
Is 210 a factor of 42290245?
False
Does 240 divide 3860582400?
True
Is 88820283 a multiple of 258?
False
Is 162 a factor of 54657847?
False
Is 52001886 a multiple of 145?
False
Is 727 a factor of 1662556671?
True
Does 37 divide 3975720047?
False
Is 38471063 a multiple of 39?
False
Is 1681 a factor of 38804844?
False
Is 121284150 a multiple of 30?
True
Is 516 a factor of 3711476544?
True
Is 221 a factor of 80817